6))).
50
Calculate -15 - -6 - (-23 + -6 + 15) - -36.
41
20 - 0 - (-42 + 53) - -10
19
Evaluate -42 + -1 - (34 - 101).
24
What is the value of -105 - 1 - (45 + -112 + 35 - -39)?
-113
What is 39 + -61 + -5 + -1 + -12?
-40
Calculate (-10 - (19 + -1)) + -2 + 0 + -6.
-36
Calculate 10 + (-7 - (-37 + 34 - (2 + -14))) + 11.
5
Calculate (-40 - 50) + -37 + 13.
-114
What is (7 - -2) + 53 + -59 + (-28 - (-1 + 0))?
-24
30 + -2 + 299 + -355
-28
Calculate 2 + -51 - (-125 - -76).
0
(-292 - -304) + 5 + 1 + (-85 - -3)
-64
Evaluate -54 - (-112 + 33 - -80 - (2 + 0 - 2)).
-55
What is 11 - ((-223 - -208) + 11 + 1) - 9?
5
Calculate -1 + -12 + (-1 - 11) + 47 + -11 + -17.
-6
33 + -3 + 269 + -270
29
Evaluate 39 - (-11 - (11 - 14) - (-3 + -12)) - 13.
19
Calculate (-5 + -8 - -11 - 3 - 56) + 9.
-52
Calculate 30 - (-40 - (15 + -108)).
-23
What is (-14 - -1) + (-9 - (-12 - -23) - 18)?
-51
Evaluate 46 + -1 + -120 + 45.
-30
Calculate (-238 - (-75 + -88)) + 20 + (-4 - -8).
-51
What is (-115 - -58) + -38 + -16?
-111
What is (-40 - (-5 - (-9 - -20))) + 11?
-13
Calculate 12 + 10 + (-3 - -19) + -5.
33
What is 127 - (-49 + (50 - 9) + 23)?
112
What is -13 + (-2 - (21 + -34)) - -31?
29
What is -70 + (-10 - -18) + 5 + (5 - (15 - -6))?
-73
Calculate -3 + (38 + 10 + -7 + 13 - -13).
64
What is the value of (24 - 58) + 59 - 15?
10
(67 - 89) + (-5 - -12) + -14 + 137
108
What is the value of -66 + -1 - (-4 + -2 + (40 - 19))?
-82
Calculate (-1 - -1 - 21) + 655 + -679.
-45
Calculate 16 + (18 - 38) + (-21 - -13).
-12
Evaluate 9 + (38 - 27) + -26 - -114.
108
Calculate -19 + 154 + -94 + 59.
100
Evaluate -37 + 54 - (-29 - 2 - (24 + -16)).
56
14 + -8 + (-1 - -25) + -6 + 8
32
0 - (1 + -27) - (-769 + 684)
111
Calculate 39 + -8 + -45 + -2 + -8 + 11 - 46.
-59
Calculate (-2 - 46) + (178 - 174) + (1 - (-2 + 13)).
-54
(1 - -19 - 43 - -20) + 15 + -137
-125
Calculate 0 + -13 - (11 + -9 - -11 - -18).
-44
Evaluate -47 - -115 - 42 - (24 + 0).
2
10 + (-25 - 19 - -18) + 11 + 0
-5
-1 + 18 - ((19 - -28) + -18 - -47)
-59
Calculate 59 - ((1 - -29) + 3345 + -3400).
84
(-5 - (-2 + 1)) + 79 + -25 + -31
19
Evaluate -12 + -43 + 31 + -11.
-35
Evaluate 0 + -59 - (1950 - 2064).
55
What is the value of 69 - (-38 - (13 + -102))?
18
Calculate -2 + (75 - 62) + -6 + -24.
-19
Calculate 2 + 138 + 2 + (1400 - 1438).
104
Calculate 4 + 7 - -30 - (32 + -34).
43
Evaluate -14 - ((11 - 5) + -12 + -87 + 107).
-28
What is 5 + 51 + (-755 - -754) + (-1 - 14)?
40
Calculate 2 - 29 - ((26 - (27 - 35)) + -21).
-40
What is the value of 18 + -39 + 10 + -54 + -1?
-66
Evaluate 15 + -25 + 55 - (100 + -23).
-32
What is the value of 89 + (22 - -6 - 76)?
41
What is (11 - -3 - -1 - (-593 - -607)) + 0 + -35?
-34
Evaluate 0 + -15 - ((22 + -44 - -4) + 27 + -4).
-20
What is 0 + -20 - (54 - 36 - 18)?
-20
What is the value of -3 - ((-11 - 18) + 40 + -4)?
-10
Calculate -29 - (-14 - 15 - -58) - 14.
-72
What is the value of (-9 - 10) + (-75 - -83)?
-11
Evaluate (11 - (-21 - -38)) + (-42 - (0 + -6 + 3)).
-45
What is the value of 0 + 42 + (-11 + -14 - -33) - 3?
47
Evaluate 0 + 2 + 48 + (-291 - -286) + -7.
38
What is the value of -60 + 39 - (-8 + -5) - ((-19 - -2) + 2)?
7
What is (-154 - 21) + 21 - (0 - -9 - (-1 - -26))?
-138
What is the value of 266 + -229 - (-9 + 46 + -9)?
9
What is -5 + (-61 - -68) + 0 + -13 - (-28 + 23)?
-6
(24 - 54) + 57 - (0 + 0)
27
What is -32 - (0 + (21 - -1) - 41)?
-13
Calculate 7 + 3 - ((68 - 37) + (16 - -69)).
-106
Evaluate -36 - (118 + -109 - (68 - 0)).
23
Calculate (-7 - 86 - 3) + 10 + -27 + (-9 - -14).
-108
What is (131 + -36 - -11) + 34 - 40?
100
(-32 - ((-5 - -2) + -16)) + -12
-25
What is the value of 35 + -22 - (2 + (9 - (-88 + 5)) - -6)?
-87
What is the value of -186 + 159 - (-9 + 9)?
-27
Calculate (-8 - (-11 + -2 + 52)) + (-1 - -1).
-47
What is 20 + (-36 - (2 + 7 + 9))?
-34
Calculate 37 - -3 - (145 + -76).
-29
What is the value of 3 + -15 + 286 + -261 + (0 - 15)?
-2
Calculate (14 - (58 + -129)) + -142.
-57
Calculate -24 + 5 + 4 + (5 - (8 + 19)) + 5.
-32
What is the value of (9 - 4) + -15 - (40 + -5 + 0)?
-45
-11 + (55 - (-89 - -99))
34
What is (-6 - (-103 - -2)) + -42 + 39 + 12?
104
What is the value of -7 + (6 - 15) - (31 - 13)?
-34
What is the value of -2 + -35 - (7 - (8 + (3 - -10)))?
-23
What is (-5 - 1) + (14 - (-29 + -14) - 44)?
7
What is the value of 87 - (-10 + -2 + 83)?
16
Evaluate 7 + (4 - 6) - (-9 + 5 + (-25 - -9)).
25
(5 + -3 - -28) + (103 - 95)
38
Calculate -2 + -33 - -1 - (1293 + -1273).
-54
(-806 + 788 - (0 + -14)) + 2
-2
What is (-7388 - -7425) + -24 + -2?
11
Evaluate (-122 - -127) + (-9 - (-6 + (6 - 0) + -4)).
0
-1207 + 1188 - (7 + 0 + 0)
-26
What is the value of 384 + -358 + 7 + -4 + -13?
16
Calculate -89 + (-15 + 53 - 20 - -7 - 8).
-72
What is (3 + -4 - 4 - (39 - -1)) + 12?
-33
Calculate -321 + 273 - (-3 + 1 + (14 - 22)).
-38
Evaluate (-147 - -46 - -32) + 89.
20
What is (-63 - -54) + -82 - -161?
70
What is 27 + -12 + -13 + (-6 - (14 - (9 + -6)))?
-15
-18 + (0 + (-5 - -59) - -6)
42
-8 + (-7 - -81 - 4) + 5 - 1 - 3
63
Calculate 31 - (-29 - -64) - (-1 - 0) - 7 - -36.
26
Calculate (-9 - 0) + (-30 - (-32 + 30)) + 56.
19
What is 153 + -175 - (4 - 39) - -42?
55
-48 + -17 + (19 - (15 + (0 - 12)))
-49
What is the value of 40 + (0 - (-21 - -8))?
53
(81 + -26 - 63) + 8
0
Evaluate 14 - (-4 + -4 + 214 + -201).
9
Calculate 110 - 93 - ((-3 - 3) + 3).
20
-41 - 8 - (-71 + 61)
-39
What is 26 + -4 - 21 - (-1 - 100) - (-62 + 49)?
115
-34 - -1 - (84 - (-91 - -154))
-54
What is (2 - 0) + -50 + 1853 + -1841?
-36
(16 - 2) + -31 + (17 - -19)
19
Evaluate 55 + (-155 - -205) + -55.
50
Evaluate 84 + -132 + -5 - 34.
-87
Evaluate 17 + -17 - ((5 - 6 - -3 - 1) + 27).
-28
Calculate (3 - 69) + 39 + -19 + 12.
-34
What is (1 - -23) + -1689 + 1657?
-8
Evaluate 6 + (-15 - -5) + -7 + -11 + 19 + -9.
-12
What is the value of (57 - 46) + (8 - 2 - 0 - 2)?
15
-7 + (13 - (11 + (-63 - (2 - 13))))
47
What is 22 - -4 - 15 - ((-1 - -7) + 5)?
0
Calculate (-819 - -844) + 2 + -59.
-32
What is 7 + -17 + 4 - (8 + -73 - (0 - -8))?
67
Evaluate 300 + -264 - ((-2 - (-6 + 6)) + -3).
41
Evaluate -3711 + 3556 - (-2 + -111).
-42
-60 + -30 + 56 + 47
13
Evaluate (19 - (58 + -10)) + 15.
-14
What is 28 - (-8 + (-3 - 30 - -78))?
-9
What is the value of 16 - 24 - (-90 + 98 - (1 + 27))?
12
What is 0 + (121 - ((11 - 0) + (304 - 336)))?
142
What is the value of -43 - (4 + (-7 + 3 - (-7 + 4 + -1)))?
-47
Evaluate 1925 + -1891 - (1 + (1 - 14)).
46
19 + -24 + 31 - (43 - 8)
-9
-2 + (5 - -3) + (-10 - -15) + 54
65
What is -54 + 50 + (52 - 81)?
-33
Calculate (21 - ((33 - 6) + -19) - 22) + -3 + -121.
-133
What is the value of 99 - -2 - (164 - 271 - -140)?
68
Calculate 51 - (142 - 71) - -22.
2
What is (-2 - -3) + 48 + -25 - (-20 - -30)?
14
What is 22 - (22 + -15 + (-20 - -8 - -14))?
13
Calculate -12 + (1 - 42) - -7.
-46
Calculate (-4 + 8 - (11 + -4)) + 7 - 20 - -1.
-15
Evaluate (-7 - -32) + 5 - (-4 + (2 - 6)).
38
6 - (113 - 116 - (-1 + -5)) - 34
-31
What is -889 + 862 + (1 - -4) + -9?
-31
What is 38 + -1 + (-129 - 79 - -275)?
104
What is 72 + (-86 - -112 - 14)?
84
What is the value of -7 + 1 - (-18 - (36 - 86))?
-38
Evaluate -145 + -70 + 136 - -31.
-48
(-111 - 4 - -219) + -138
-34
-93 + (272 + -81 - 56)
42
1 - (0 - -2) - (-75 - (-21 + 18 + 1))
72
4 + (-2 - (10 - -3) - 11) - (-1 + -2)
-19
Calculate (-24 - 50) + (-52 - -81) + -23.
-68
Evaluate 17 + 21 + 31 - (6 + 7 + -12 + 4).
64
Evaluate -19 + 9 - ((0 - 10 - (-26 - -29)) + 1).
2
Calculate 20 + (-84 - (-3 + 15)) - (-2 + 3).
-77
What is (49 - 84 - -14) + 33?
12
Calculate -22 - 2 - -14 - (0 - (24 + -3)).
11
(-24 - 6) + (30 + -69 - -22)
-47
60 + 96 + -204 - (-21 + -1)
-26
Calculate 65 + -44 + (-97 - (-27 + 17)).
-66
2 + 128 + -6 + (-819 - -843)
148
What is 281 + -151 - (89 - 21)?
62
Calculate 45 + 9 + 6 + (3 - 23).
40
What is 9 + 26 + -13 + (20 + -13 - 11)?
18
(68 - 16) + (-72 - 5)
-25
-12 + (-1 + -8 - (47 - 63 - -30))
-35
What is 1 + 10 + (-9 - 8) + -11 + 1 + 6?
-10
Calculate 4 - ((-28 - 0) + -27 + (17 - -17 - 17)).
42
Evaluate (-85 - -1) + 19 - (-8 + (3 - 0) - -6).
-66
What is the value of -55 - (12 - 11 - 38) - (0 - -21)?
-39
What is 7 + -9 + 8 - -24 - (-16 - -24)?
22
Evaluate (-1062 - -1130) + -39 + -6.
23
What is (-238 - -293) + (-29 - 4)?
22
(116 - 123) + -28 + (0 - (0 - 1))
-34
What is 136 - 146 - (4 - -10)?
-24
What is -8 + (-88 + 4 - 